on divisor of 1578 and 25384234.
526
What is the highest common factor of 7202551 and 1778?
127
What is the highest common divisor of 234 and 54934803?
9
What is the greatest common divisor of 414160 and 235600?
2480
What is the highest common divisor of 4378144 and 143491?
3337
What is the greatest common divisor of 3449681 and 20682?
383
Calculate the greatest common factor of 2349 and 83574723.
87
Calculate the greatest common factor of 7585200 and 27048.
1176
What is the highest common divisor of 966 and 65724708?
966
Calculate the greatest common divisor of 372 and 8718750.
186
Calculate the highest common divisor of 993874 and 98.
14
Calculate the highest common divisor of 10891832 and 43928.
2312
Calculate the highest common factor of 3083360 and 21280.
1120
What is the greatest common factor of 16580 and 312500?
20
What is the greatest common factor of 484672 and 128?
64
What is the greatest common divisor of 11534 and 118844?
146
What is the highest common divisor of 264108 and 48048?
156
What is the greatest common divisor of 2689 and 1298122817?
2689
What is the greatest common divisor of 5661855 and 207?
9
Calculate the highest common divisor of 5511 and 24076140.
33
What is the greatest common factor of 161476 and 306908?
28
What is the greatest common factor of 191584205 and 5?
5
Calculate the highest common divisor of 26753 and 7657.
31
What is the highest common divisor of 85249 and 78403?
163
What is the highest common divisor of 1681 and 47314?
41
Calculate the greatest common divisor of 212979 and 101179.
559
What is the greatest common factor of 82 and 31451674?
82
What is the highest common divisor of 4264936 and 24962?
3566
Calculate the greatest common factor of 2460 and 150900.
60
Calculate the greatest common factor of 1785 and 9228585.
15
What is the greatest common divisor of 168003613 and 3688?
461
What is the highest common divisor of 35 and 615805?
5
Calculate the greatest common divisor of 27550 and 1160.
290
What is the greatest common factor of 29676 and 3890029?
2473
Calculate the highest common factor of 325005 and 155357.
461
Calculate the highest common factor of 356022 and 140238.
54
Calculate the highest common divisor of 1000728 and 71416.
904
What is the highest common factor of 2971160 and 20?
20
Calculate the greatest common divisor of 16793528 and 24.
8
What is the highest common factor of 1233 and 85889273?
137
Calculate the highest common divisor of 1617 and 2037143493.
1617
What is the highest common factor of 216531476 and 1288?
644
Calculate the greatest common divisor of 3315 and 978843.
51
Calculate the greatest common divisor of 15 and 262554465.
15
Calculate the highest common divisor of 24339520 and 184000.
7360
Calculate the highest common factor of 117963556 and 601152.
12524
What is the greatest common factor of 23575407 and 3657?
159
What is the highest common factor of 568 and 190671352?
568
What is the highest common divisor of 45236193 and 23?
23
What is the highest common factor of 108 and 149203836?
108
Calculate the greatest common factor of 18554963 and 12635.
133
What is the greatest common factor of 192244 and 364?
52
Calculate the highest common divisor of 452 and 630108340.
452
Calculate the highest common divisor of 22103 and 1540080.
713
What is the greatest common factor of 190173496 and 4106?
4106
What is the greatest common factor of 565265 and 67465?
655
Calculate the greatest common factor of 125752 and 5148.
44
What is the greatest common divisor of 2711824 and 272?
16
Calculate the greatest common factor of 825618 and 245754.
222
Calculate the highest common factor of 121520 and 147312.
496
Calculate the greatest common factor of 49 and 22945573.
49
Calculate the greatest common factor of 770 and 6035414.
154
Calculate the highest common divisor of 3431771 and 35.
7
Calculate the greatest common factor of 75445 and 7505.
395
Calculate the highest common factor of 1273 and 918295099.
1273
What is the highest common factor of 7678 and 37026?
22
What is the highest common factor of 48 and 1269192?
24
What is the greatest common divisor of 22220 and 10589480?
220
What is the greatest common factor of 41041328 and 656?
656
Calculate the greatest common divisor of 751905 and 299880.
2205
What is the highest common divisor of 42847 and 137728621?
6121
What is the greatest common divisor of 14832243 and 4246?
193
What is the greatest common factor of 44710 and 11670?
10
Calculate the greatest common factor of 20119845 and 2085.
15
What is the highest common divisor of 136130690 and 40?
10
What is the greatest common factor of 22833 and 186456815?
2537
Calculate the greatest common factor of 1973136 and 102268.
148
What is the highest common factor of 145530 and 7175520?
2970
What is the greatest common divisor of 451 and 25594987?
11
What is the greatest common divisor of 944 and 39076054?
118
What is the greatest common factor of 871 and 76962431?
871
Calculate the greatest common divisor of 145117 and 259.
7
What is the greatest common divisor of 1743138 and 1130?
226
Calculate the highest common factor of 143565 and 120645.
15
What is the highest common factor of 662510 and 97?
97
Calculate the greatest common factor of 2442939010 and 422.
422
Calculate the highest common divisor of 5071583100 and 100.
100
What is the highest common factor of 654449184 and 80352?
8928
What is the greatest common divisor of 399670105 and 10?
5
Calculate the highest common divisor of 363052 and 15538.
34
Calculate the greatest common divisor of 245 and 2160895.
5
Calculate the greatest common divisor of 2566 and 4651945022.
2566
Calculate the greatest common divisor of 192 and 3420624.
48
Calculate the highest common divisor of 68111698 and 26848.
1678
Calculate the highest common divisor of 44842554 and 198.
18
Calculate the highest common divisor of 2201328 and 2736.
144
What is the highest common factor of 93051 and 16611?
147
What is the greatest common factor of 89037 and 54249?
39
What is the greatest common divisor of 14701 and 443897?
61
Calculate the greatest common divisor of 44848 and 11909947.
2803
What is the greatest common divisor of 12784 and 44044076?
3196
Calculate the highest common factor of 563 and 16171049.
563
Calculate the greatest common factor of 7567 and 6601.
161
What is the highest common factor of 15168 and 359018976?
7584
What is the greatest common divisor of 35345011 and 52417?
2279
Calculate the greatest common factor of 4704 and 15475264.
224
Calculate the greatest common factor of 3775080 and 889344.
4632
What is the highest common divisor of 139 and 4743097?
139
What is the highest common divisor of 641624 and 1961800?
4616
What is the greatest common factor of 129186 and 387306?
18
Calculate the greatest common factor of 974363 and 246623.
4043
What is the greatest common divisor of 11843490 and 516?
258
What is the highest common divisor of 2211 and 498597?
33
Calculate the highest common factor of 8837047 and 65291.
599
What is the greatest common divisor of 4297568 and 6094176?
10208
What is the highest common divisor of 69950474 and 45672?
3806
What is the highest common factor of 55803328 and 280?
56
What is the greatest common factor of 118817 and 19954?
907
Calculate the greatest common factor of 29939 and 2112697.
47
Calculate the greatest common divisor of 206666 and 6.
2
Calculate the highest common factor of 122558 and 196198.
526
Calculate the highest common factor of 34732093 and 2783.
253
Calculate the greatest common divisor of 2905 and 25530883.
581
What is the greatest common factor of 782379290 and 610?
610
What is the greatest common divisor of 460 and 20786756?
92
What is the highest common factor of 11445 and 23395869?
2289
What is the highest common factor of 51073 and 56658529?
4643
What is the greatest common divisor of 247 and 13629175?
19
What is the highest common divisor of 5977 and 440922?
43
Calculate the highest common factor of 16973 and 38047294.
1543
Calculate the greatest common divisor of 69265072 and 32.
16
What is the highest common factor of 4727471 and 98?
49
What is the greatest common factor of 287020 and 100076?
508
Calculate the greatest common factor of 16209158 and 243187.
4963
Calculate the greatest co